{"id":3181,"date":"2023-05-26T09:34:00","date_gmt":"2023-05-26T09:34:00","guid":{"rendered":"https:\/\/capvert.com.tn\/?post_type=product&#038;p=3181"},"modified":"2025-06-25T09:36:37","modified_gmt":"2025-06-25T09:36:37","slug":"gaura","status":"publish","type":"product","link":"https:\/\/capvert.com.tn\/index.php\/produit\/gaura\/","title":{"rendered":"Gaura"},"content":{"rendered":"<p>Les gauras sont des vivaces tr\u00e8s florif\u00e8res qui embellissent les massifs tout l&rsquo;\u00e9t\u00e9 avec leurs fleurs roses ou blanches, semblables \u00e0 des papillons, perch\u00e9es en haut de tiges d\u00e9licates. Ils aiment le plein soleil et les terres bien drain\u00e9es. En r\u00e9gion \u00e0 climat doux, leur floraison se prolonge tout l&rsquo;automne.<\/p>\n<p><span style=\"color: #000000;\"><strong>Nom Scientifique<\/strong>: <em>Gaura<\/em><\/span><\/p>\n<p>Nom latin : Gaura lindheimeri<br \/>\n<span style=\"color: #000000;\"><strong>Origine<\/strong> : sud des \u00c9tats-Unis<\/span><br \/>\n<span style=\"color: #000000;\"><strong>Type de plante<\/strong> : Vivace<\/span><\/p>\n<h4><span style=\"color: #ff00b3;\"><strong>Caract\u00e9ristiques essentielles :<\/strong><\/span><\/h4>\n<p><strong><span style=\"color: #99cc00;\">Esth\u00e9tique<\/span><\/strong><br \/>\n<span style=\"color: #000000;\"><strong>Hauteur \u00e0 maturit\u00e9<\/strong>: 0,80 \u00e0 1,2 m en fonction des vari\u00e9t\u00e9s<\/span><br \/>\n<span style=\"color: #000000;\"><strong>Couleur des fleurs<\/strong>:<img decoding=\"async\" class=\"c-cs-product-facets__value-img\" src=\"https:\/\/www.willemsefrance.fr\/files\/126284\/_ico-couleurs\/bleu.png\" alt=\" Bleu\" \/> rose-blanc<\/span><br \/>\n<span style=\"color: #000000;\"><strong>Couleur des feuilles<\/strong>: rouge<\/span><br \/>\n<span style=\"color: #000000;\"><strong>Feuillage<\/strong>:C<\/span><img decoding=\"async\" class=\"c-cs-product-facets__value-img\" src=\"https:\/\/www.willemsefrance.fr\/files\/126284\/pictos-fiche-produit\/flagFeuillagePersist.png\" alt=\" Feuillage persistant\" \/><span style=\"color: #000000;\">aduc \u2013\u00a0<\/span><strong style=\"color: #000000;\">Floraison<\/strong><span style=\"color: #000000;\">\u00a0: Mai \u00e0 septembre<\/span><\/p>\n<p><strong><span style=\"color: #000000;\">Type d\u2019utilisation:<\/span><\/strong><\/p>\n<p><span style=\"color: #000000;\"> <img decoding=\"async\" class=\"c-cs-product-facets__value-img\" src=\"https:\/\/www.willemsefrance.fr\/files\/126284\/pictos-fiche-produit\/LIBUTI-deco-interieur.png\" alt=\" D\u00e9coration int\u00e9rieure\" \/>D\u00e9coration : exterieur<br \/>\n<img decoding=\"async\" class=\"c-cs-product-facets__value-img\" src=\"https:\/\/www.willemsefrance.fr\/files\/126284\/pictos-fiche-produit\/LIBUTI-Jardiniere.png\" alt=\" Jardini\u00e8re\" \/> Jardini\u00e8re<\/span><\/p>\n<p><strong><span style=\"color: #99cc00;\">Jardinage<\/span><\/strong><br \/>\n<span style=\"color: #000000;\"><strong>P\u00e9riode de plantation<\/strong>:Toute l&rsquo;ann\u00e9e\u00a0<\/span><br \/>\n<span style=\"color: #000000;\"><strong>P\u00e9riode de fluorisation:<\/strong> Au printemps\u00a0<strong>en avril-mai,<\/strong>\u00a0c&rsquo;est la meilleure p\u00e9riode pour les planter<\/span><br \/>\n<span style=\"color: #000000;\"><strong>P\u00e9riode de taillage:<\/strong> tout l\u2019hiver afin de prot\u00e9ger vos touffes du froid. Puis, en mars-avril, c\u2019est le moment de la taille des touffes anciennes.\u00a0<strong>Coupez alors la touffe \u00e0 ras<\/strong>, elle va repartir de plus belle !<\/span><br \/>\n<span style=\"color: #000000;\"><strong>Plante d\u00e9polluante<\/strong>:<img decoding=\"async\" class=\"c-cs-product-facets__value-img\" src=\"https:\/\/www.willemsefrance.fr\/files\/126284\/pictos-fiche-produit\/flagDepolluante.png\" alt=\" Plante d\u00e9polluante\" \/> Plante d\u00e9polluante<\/span><br \/>\n<span style=\"color: #000000;\"><strong>Niveau d\u2019arrosage<\/strong>:<img decoding=\"async\" class=\"c-cs-product-facets__value-img\" src=\"https:\/\/www.willemsefrance.fr\/files\/126284\/pictos-fiche-produit\/arrosage-3.png\" alt=\" moyen\" \/>mod\u00e9r\u00e9<\/span><br \/>\n<span style=\"color: #000000;\"><strong>Niveau de soin:<\/strong><img decoding=\"async\" class=\"c-cs-product-facets__value-img\" src=\"https:\/\/www.willemsefrance.fr\/files\/126284\/pictos-fiche-produit\/entretien-2.png\" alt=\" facile\" \/> facile<\/span><br \/>\n<span style=\"color: #000000;\"><strong>croissance:<\/strong> plus courte.<\/span><br \/>\n<strong><span style=\"color: #000000;\">Jardinage:<\/span><\/strong><br \/>\n<span class=\"c-cs-product-facets__value-text\" style=\"color: #000000;\">\u00a0 \u00a0 \u00a0 \u00a0<img decoding=\"async\" class=\"c-cs-product-facets__value-img\" src=\"https:\/\/www.willemsefrance.fr\/files\/126284\/pictos-fiche-produit\/culture-possible-en-pot-ou-en-bac.png\" alt=\" culture possible en pot, en bac\" \/>culture possible en plein terre\u00a0<\/span><\/p>\n<p><strong><span style=\"color: #99cc00;\">Emplacement<\/span><\/strong><br \/>\n<strong><span style=\"color: #000000;\">Ensoleillement:<\/span><\/strong><br \/>\n<span class=\"c-cs-product-facets__value-text\" style=\"color: #000000;\">\u00a0 \u00a0 \u00a0 \u00a0<img decoding=\"async\" class=\"c-cs-product-facets__value-img\" src=\"https:\/\/www.willemsefrance.fr\/files\/126284\/pictos-fiche-produit\/conseille-pour-le-plein-soleil.png\" alt=\" conseill\u00e9 pour le plein soleil\" \/>conseill\u00e9 pour le plein soleil , Ce sont des plantes qui ne fleuriront pas bien \u00e0 l\u2019ombre ou \u00e0 mi- ombre.<\/span><\/p>\n<ul>\n<li><\/li>\n<\/ul>\n<p><span class=\"c-cs-product-facets__value-text\" style=\"color: #000000;\"><br \/>\n<strong>Type de sol:<\/strong><br \/>\n<span class=\"c-cs-product-facets__value-text\">\u00a0 \u00a0 \u00a0 \u00a0<img decoding=\"async\" class=\"c-cs-product-facets__value-img\" src=\"https:\/\/www.willemsefrance.fr\/files\/126284\/pictos-fiche-produit\/tout-sol.png\" alt=\" Tout type\" \/>Tout type<br \/>\n<img decoding=\"async\" class=\"c-cs-product-facets__value-img\" src=\"https:\/\/www.willemsefrance.fr\/files\/126284\/pictos-fiche-produit\/Sol-argileux.png\" alt=\" Argileux\" \/>Sol argileux<br \/>\n<img decoding=\"async\" class=\"c-cs-product-facets__value-img\" src=\"https:\/\/www.willemsefrance.fr\/files\/126284\/pictos-fiche-produit\/Sol-calcaire.png\" alt=\" Calcaire\" \/>Sol calcaire<br \/>\n<img decoding=\"async\" class=\"c-cs-product-facets__value-img\" src=\"https:\/\/www.willemsefrance.fr\/files\/126284\/pictos-fiche-produit\/sol-sableux.png\" alt=\" Sableux\" \/>Sol sableux<br \/>\n<img decoding=\"async\" class=\"c-cs-product-facets__value-img\" src=\"https:\/\/www.willemsefrance.fr\/files\/126284\/pictos-fiche-produit\/Sol-sec.png\" alt=\" sol sec\" \/>Sol caillouteux<br \/>\n<strong>Type de climat:<\/strong><br \/>\n<img decoding=\"async\" class=\"c-cs-product-facets__value-img\" src=\"https:\/\/www.willemsefrance.fr\/files\/126284\/pictos-fiche-produit\/LIBCLIMAT-mediterraneen.png\" alt=\" R\u00e9gion m\u00e9diterran\u00e9enne\" \/> climat\u00a0 m\u00e9diterran\u00e9en<\/span><\/span><\/p>\n<p>&nbsp;<\/p>\n","protected":false},"excerpt":{"rendered":"<p>Les gauras sont des vivaces tr\u00e8s florif\u00e8res qui embellissent les massifs tout l&rsquo;\u00e9t\u00e9 avec leurs fleurs roses ou blanches, semblables&hellip;<\/p>\n","protected":false},"featured_media":3182,"comment_status":"open","ping_status":"closed","template":"","meta":[],"product_brand":[],"product_cat":[55,80,79],"product_tag":[],"class_list":{"0":"post-3181","1":"product","2":"type-product","3":"status-publish","4":"has-post-thumbnail","6":"product_cat-plantes-dexterieur","7":"product_cat-plantes-et-arbres-de-haies","8":"product_cat-plantes-vivaces","9":"","11":"first","12":"instock","13":"shipping-taxable","14":"purchasable","15":"product-type-variable"},"_links":{"self":[{"href":"https:\/\/capvert.com.tn\/index.php\/wp-json\/wp\/v2\/product\/3181","targetHints":{"allow":["GET"]}}],"collection":[{"href":"https:\/\/capvert.com.tn\/index.php\/wp-json\/wp\/v2\/product"}],"about":[{"href":"https:\/\/capvert.com.tn\/index.php\/wp-json\/wp\/v2\/types\/product"}],"replies":[{"embeddable":true,"href":"https:\/\/capvert.com.tn\/index.php\/wp-json\/wp\/v2\/comments?post=3181"}],"wp:featuredmedia":[{"embeddable":true,"href":"https:\/\/capvert.com.tn\/index.php\/wp-json\/wp\/v2\/media\/3182"}],"wp:attachment":[{"href":"https:\/\/capvert.com.tn\/index.php\/wp-json\/wp\/v2\/media?parent=3181"}],"wp:term":[{"taxonomy":"product_brand","embeddable":true,"href":"https:\/\/capvert.com.tn\/index.php\/wp-json\/wp\/v2\/product_brand?post=3181"},{"taxonomy":"product_cat","embeddable":true,"href":"https:\/\/capvert.com.tn\/index.php\/wp-json\/wp\/v2\/product_cat?post=3181"},{"taxonomy":"product_tag","embeddable":true,"href":"https:\/\/capvert.com.tn\/index.php\/wp-json\/wp\/v2\/product_tag?post=3181"}],"curies":[{"name":"wp","href":"https:\/\/api.w.org\/{rel}","templated":true}]}}