{"id":1017,"date":"2020-08-05T10:12:14","date_gmt":"2020-08-05T10:12:14","guid":{"rendered":"https:\/\/capvert.com.tn\/?post_type=product&#038;p=1017"},"modified":"2024-07-12T09:34:38","modified_gmt":"2024-07-12T09:34:38","slug":"phoenix-roebelenii","status":"publish","type":"product","link":"https:\/\/capvert.com.tn\/index.php\/produit\/phoenix-roebelenii\/","title":{"rendered":"Phoenix roebelenii"},"content":{"rendered":"<p><span style=\"color: #000000;\">Phoenix roebelenii est un tr\u00e8s beau palmier d\u2019origine tropicale qui se comporte merveilleusement bien en culture ext\u00e9rieure. Son port fin et gracieux, ses palmes magnifiquement arqu\u00e9es en forme ronde en font un splendide sp\u00e9cimen \u00e0 d\u00e9couvrir rapidement.<\/span><\/p>\n<p><span style=\"color: #000000;\"><strong>Nom latin<\/strong> : Phoenix roebelenii Dattier Nain<\/span><br \/>\n<span style=\"color: #000000;\"><strong>Origine<\/strong> : asie (Laos)<\/span><br \/>\n<span style=\"color: #000000;\"><strong>V\u00e9g\u00e9tation<\/strong>: Vivace<\/span><br \/>\n<span style=\"color: #000000;\"><strong>Type de plante<\/strong>: Arbre \u25b6 Palmier; Plante ornementale \u25b6 Plante \u00e0 feuillage d\u00e9coratif<\/span><\/p>\n<h4><strong><span style=\"color: #ff00ff;\">Caract\u00e9ristiques essentielles :<\/span><\/strong><\/h4>\n<p><strong><span style=\"color: #99cc00;\">Esth\u00e9tique<\/span><\/strong><br \/>\n<span style=\"color: #000000;\"><strong>Hauteur \u00e0 maturit\u00e9:<\/strong> 1 \u00e0 2 m<\/span><br \/>\n<span style=\"color: #000000;\"><strong>Couleur des feuilles<\/strong>:<img decoding=\"async\" class=\"c-cs-product-facets__value-img\" src=\"https:\/\/www.willemsefrance.fr\/files\/126284\/_ico-couleurs\/vert.png\" alt=\" Vert\" \/> vert<\/span><br \/>\n<span style=\"color: #000000;\"><strong>Feuillage<\/strong>:<img decoding=\"async\" class=\"c-cs-product-facets__value-img\" src=\"https:\/\/www.willemsefrance.fr\/files\/126284\/pictos-fiche-produit\/flagFeuillagePersist.png\" alt=\" Feuillage persistant\" \/><span class=\"c-cs-product-facets__value-text\">Feuillage persistant<span class=\"c-cs-product-facets__value-text\"><span class=\"c-cs-product-facets__value-text\"><span class=\"c-cs-product-facets__value-text\"><br \/>\n<strong>Type d&rsquo;utilisation:<\/strong><br \/>\n<span class=\"c-cs-product-facets__value-text\">\u00a0 \u00a0 \u00a0 \u00a0<img decoding=\"async\" class=\"c-cs-product-facets__value-img\" src=\"https:\/\/www.willemsefrance.fr\/files\/126284\/pictos-fiche-produit\/LIBUTI-deco-interieur.png\" alt=\" D\u00e9coration int\u00e9rieure\" \/><span class=\"c-cs-product-facets__value-text\">D\u00e9coration ext\u00e9rieur<br \/>\n<span class=\"c-cs-product-facets__value-text\">\u00a0 \u00a0 \u00a0 \u00a0<img decoding=\"async\" class=\"c-cs-product-facets__value-img\" src=\"https:\/\/www.willemsefrance.fr\/files\/126284\/pictos-fiche-produit\/LIBUTI-Jardiniere.png\" alt=\" Jardini\u00e8re\" \/>Jardini\u00e8re<\/span><\/span><\/span><\/span><\/span><\/span><\/span><\/span><\/p>\n<p><strong><span style=\"color: #99cc00;\">Jardinage<\/span><\/strong><br \/>\n<span style=\"color: #000000;\"><strong>P\u00e9riode de plantation<\/strong>: Toute l&rsquo;ann\u00e9e\u00a0<\/span><br \/>\n<span style=\"color: #000000;\"><strong>Plante d\u00e9polluante:<\/strong><img decoding=\"async\" class=\"c-cs-product-facets__value-img\" src=\"https:\/\/www.willemsefrance.fr\/files\/126284\/pictos-fiche-produit\/flagDepolluante.png\" alt=\" Plante d\u00e9polluante\" \/><span class=\"c-cs-product-facets__value-text\">Plante d\u00e9polluante<br \/>\n<strong>Niveau d&rsquo;arrosage<\/strong>: <img decoding=\"async\" class=\"c-cs-product-facets__value-img\" src=\"https:\/\/www.willemsefrance.fr\/files\/126284\/pictos-fiche-produit\/arrosage-3.png\" alt=\" moyen\" \/><span class=\"c-cs-product-facets__value-text\">moyen<br \/>\n<strong>Niveau de soin<\/strong>: <img decoding=\"async\" class=\"c-cs-product-facets__value-img\" src=\"https:\/\/www.willemsefrance.fr\/files\/126284\/pictos-fiche-produit\/entretien-2.png\" alt=\" facile\" \/><span class=\"c-cs-product-facets__value-text\">facile<br \/>\n<strong>Croissance:<\/strong> Normale<\/span><\/span><\/span><\/span><br \/>\n<strong><span style=\"color: #000000;\">Jardinage:<\/span><\/strong><br \/>\n<span class=\"c-cs-product-facets__value-text\"><span style=\"color: #000000;\">\u00a0 \u00a0 \u00a0 \u00a0<img decoding=\"async\" class=\"c-cs-product-facets__value-img\" src=\"https:\/\/www.willemsefrance.fr\/files\/126284\/pictos-fiche-produit\/culture-possible-en-pot-ou-en-bac.png\" alt=\" culture possible en pot, en bac\" \/><\/span><span class=\"c-cs-product-facets__value-text\"><span style=\"color: #000000;\">culture possible en pot, en bac,en plein terre<br \/>\n<img decoding=\"async\" class=\"c-cs-product-facets__value-img\" src=\"https:\/\/www.willemsefrance.fr\/files\/126284\/pictos-fiche-produit\/LIBUTI-Isole.png\" alt=\" Isol\u00e9\" \/>Isol\u00e9\u00a0<\/span><br \/>\n<\/span><\/span><strong><span style=\"color: #99cc00;\">Emplacement<br \/>\n<\/span><span style=\"color: #000000;\">Exposition:<\/span><\/strong><br \/>\n<span style=\"color: #000000;\">\u00a0 \u00a0 \u00a0 \u00a0 <img decoding=\"async\" class=\"c-cs-product-facets__value-img\" src=\"https:\/\/www.willemsefrance.fr\/files\/126284\/pictos-fiche-produit\/conseille-pour-le-plein-soleil.png\" alt=\" conseill\u00e9 pour le plein soleil\" \/><span class=\"c-cs-product-facets__value-text\">conseill\u00e9 pour le plein soleil<br \/>\n<\/span>\u00a0 \u00a0 \u00a0 \u00a0 <img decoding=\"async\" class=\"c-cs-product-facets__value-img\" src=\"https:\/\/www.willemsefrance.fr\/files\/126284\/pictos-fiche-produit\/conseille-pour-la-mi-ombre.png\" alt=\" conseill\u00e9 pour la mi-ombre\" \/><span class=\"c-cs-product-facets__value-text\">conseill\u00e9 pour la mi-ombre<\/span><\/span><\/p>\n<div class=\"c-ox-product-detail__facet-column ng-scope\">\n<p><span class=\"c-cs-product-facets__value-text\"><span class=\"c-cs-product-facets__value-text\"><span class=\"c-cs-product-facets__value-text\"><span class=\"c-cs-product-facets__value-text\"><strong><span style=\"color: #000000;\">Type de sol:<\/span><\/strong><br \/>\n<span class=\"c-cs-product-facets__value-text\">\u00a0 \u00a0 \u00a0 \u00a0<img decoding=\"async\" class=\"c-cs-product-facets__value-img\" src=\"https:\/\/www.willemsefrance.fr\/files\/126284\/pictos-fiche-produit\/sol-sableux.png\" alt=\" Sableux\" \/><span style=\"color: #000000;\">Sol sableux<\/span><span class=\"c-cs-product-facets__value-text\"><br \/>\n<span class=\"c-cs-product-facets__value-text\"><span style=\"color: #000000;\">\u00a0 \u00a0 \u00a0 \u00a0<img decoding=\"async\" class=\"c-cs-product-facets__value-img\" src=\"https:\/\/www.willemsefrance.fr\/files\/126284\/pictos-fiche-produit\/tout-sol.png\" alt=\" Tout type\" \/>Terre de bruy\u00e8re<br \/>\n<img decoding=\"async\" class=\"c-cs-product-facets__value-img\" src=\"https:\/\/www.willemsefrance.fr\/files\/126284\/pictos-fiche-produit\/sol-ordinaire.png\" alt=\" sol ordinaire de bonne qualit\u00e9\" \/>sol ordinaire de bonne qualit\u00e9<\/span><br \/>\n<strong><span style=\"color: #000000;\">Type de climat:<\/span><\/strong><br \/>\n<span class=\"c-cs-product-facets__value-text\">\u00a0 \u00a0<\/span><\/span><\/span><\/span><\/span><\/span><\/span><\/span><img decoding=\"async\" class=\"c-cs-product-facets__value-img\" src=\"https:\/\/www.willemsefrance.fr\/files\/126284\/pictos-fiche-produit\/LIBCLIMAT-Douceur-Ocean.png\" alt=\" Douceur Oc\u00e9an\" \/><span style=\"color: #000000;\"><span class=\"c-cs-product-facets__value-text\">Douceur Oc\u00e9an<br \/>\n<\/span>\u00a0 \u00a0<img decoding=\"async\" class=\"c-cs-product-facets__value-img\" src=\"https:\/\/www.willemsefrance.fr\/files\/126284\/pictos-fiche-produit\/LIBCLIMAT-mediterraneen.png\" alt=\" R\u00e9gion m\u00e9diterran\u00e9enne\" \/><span class=\"c-cs-product-facets__value-text\">R\u00e9gion m\u00e9diterran\u00e9enne<br \/>\n<\/span>\u00a0 \u00a0<img decoding=\"async\" class=\"c-cs-product-facets__value-img\" src=\"https:\/\/www.willemsefrance.fr\/files\/126284\/pictos-fiche-produit\/LIBCLIMAT-climat-tempere.png\" alt=\" Climat temp\u00e9r\u00e9\" \/><span class=\"c-cs-product-facets__value-text\">Climat temp\u00e9r\u00e9<br \/>\n<\/span>\u00a0 \u00a0<img decoding=\"async\" class=\"c-cs-product-facets__value-img\" src=\"https:\/\/www.willemsefrance.fr\/files\/126284\/pictos-fiche-produit\/LIBCLIMAT-climat-montagnard.png\" alt=\" R\u00e9sistant au climat montagnard\" \/><span class=\"c-cs-product-facets__value-text\">R\u00e9sistant au climat montagnard<\/span><\/span><\/p>\n<p><span class=\"c-cs-product-facets__value-text\"><span class=\"c-cs-product-facets__value-text\"><span class=\"c-cs-product-facets__value-text\"><span class=\"c-cs-product-facets__value-text\"><span class=\"c-cs-product-facets__value-text\"><span class=\"c-cs-product-facets__value-text\"><span class=\"c-cs-product-facets__value-text\"><span class=\"c-cs-product-facets__value-text\"><span class=\"c-cs-product-facets__value-text\"><span class=\"c-cs-product-facets__value-text\"><span class=\"c-cs-product-facets__value-text\"><br \/>\n<span style=\"color: #000000;\">\u00a0 \u00a0 \u00a0 <\/span><br \/>\n<\/span><\/span><\/span><\/span><\/span><\/span><\/span><\/span><\/span><\/span><\/span><\/p>\n<\/div>\n","protected":false},"excerpt":{"rendered":"<h4><span style=\"color: #000000;\">Pot :\u00d830cm<\/span><\/h4>\n<h4><span style=\"color: #000000;\">hauteur:70cm\u00a0<\/span><\/h4>\n","protected":false},"featured_media":3885,"comment_status":"open","ping_status":"closed","template":"","meta":[],"product_brand":[],"product_cat":[76,77,55],"product_tag":[],"class_list":{"0":"post-1017","1":"product","2":"type-product","3":"status-publish","4":"has-post-thumbnail","6":"product_cat-arbres-nobles","7":"product_cat-palmiers","8":"product_cat-plantes-dexterieur","9":"","11":"first","12":"instock","13":"shipping-taxable","14":"purchasable","15":"product-type-simple"},"_links":{"self":[{"href":"https:\/\/capvert.com.tn\/index.php\/wp-json\/wp\/v2\/product\/1017","targetHints":{"allow":["GET"]}}],"collection":[{"href":"https:\/\/capvert.com.tn\/index.php\/wp-json\/wp\/v2\/product"}],"about":[{"href":"https:\/\/capvert.com.tn\/index.php\/wp-json\/wp\/v2\/types\/product"}],"replies":[{"embeddable":true,"href":"https:\/\/capvert.com.tn\/index.php\/wp-json\/wp\/v2\/comments?post=1017"}],"wp:featuredmedia":[{"embeddable":true,"href":"https:\/\/capvert.com.tn\/index.php\/wp-json\/wp\/v2\/media\/3885"}],"wp:attachment":[{"href":"https:\/\/capvert.com.tn\/index.php\/wp-json\/wp\/v2\/media?parent=1017"}],"wp:term":[{"taxonomy":"product_brand","embeddable":true,"href":"https:\/\/capvert.com.tn\/index.php\/wp-json\/wp\/v2\/product_brand?post=1017"},{"taxonomy":"product_cat","embeddable":true,"href":"https:\/\/capvert.com.tn\/index.php\/wp-json\/wp\/v2\/product_cat?post=1017"},{"taxonomy":"product_tag","embeddable":true,"href":"https:\/\/capvert.com.tn\/index.php\/wp-json\/wp\/v2\/product_tag?post=1017"}],"curies":[{"name":"wp","href":"https:\/\/api.w.org\/{rel}","templated":true}]}}